- 22)
11
What is the value of (-165 - -167) + -4 + 3 + -1?
0
Calculate 1 - (-19 + 21) - (2 + 0 + -1).
-2
What is the value of (6 - 6 - 15) + 27?
12
(-19 - -33) + 0 + -6
8
What is 0 - ((9 - 15) + (-2 - -1))?
7
34 - (8 - -13) - (-4 - 6)
23
What is the value of 15 + (-8 - (-19 - (-5 + -5)))?
16
Calculate (0 - 28) + -7 + 23.
-12
What is the value of 34 - (12 + -49 - -39)?
32
Evaluate 4 + (14 - 5) + (4 - 13) + 9.
13
Calculate -72 + 36 + (19 - 0).
-17
What is the value of (14 - -2) + -3 + (51 - 78)?
-14
Evaluate 24 - (41 - 30 - (0 + 2)).
15
What is the value of -2 + (194 - 199) + -31 + 0 + 9?
-29
Evaluate -6 - (20 - 11 - -5).
-20
Calculate -24 + (18 - 12) - (-15 - -11).
-14
Calculate 34 + (-4 - (38 + -37)).
29
Evaluate 0 + -10 + (-50 + 24 - -30).
-6
Calculate 0 + -3 + (-121 - -139).
15
-6 + (6 - 3) + 356 + -371
-18
Calculate -1 + 15 + 1 - (-4 - (-9 + 0)).
10
7 - ((15 - 11) + 14) - -4
-7
Calculate -45 - -29 - -23 - -15.
22
(33 - 27) + 3 - (24 + 0)
-15
Calculate -19 - -8 - (2 + 1) - (-7 + 10).
-17
Calculate 0 + 0 + 10 + 13 + -14.
9
Calculate -17 - ((-44 - -16) + 17).
-6
What is 0 + 2 + 4 + -4 + -162 + 171?
11
-2 + 5 + -1 + -12 + 22 + 4
16
(2 - (3 + -9)) + -1 + -11
-4
Evaluate -9 + 0 + ((-14 - -12) + 3 - 5).
-13
What is -12 - (7 + -8 - (-5 + 12))?
-4
(3 - (-29 + -3)) + (-1 - 2 - 2)
30
Evaluate (-7 - (-4 + -2)) + 26.
25
Calculate -14 + (-1 - 6 - -7).
-14
What is (-6 - -2) + 12 + 47 + -64?
-9
What is -6 + (1 - 4 - (75 + -70))?
-14
Calculate 16 - (8 - (-14 + 2)).
-4
0 + 8 + -1 + -3 - 1 - -8
11
Evaluate 12 + -65 - -43 - (7 + 3 - 1).
-19
What is the value of (2 - -3) + 21 + -39?
-13
Evaluate -72 + 77 + 0 + -4 + 6.
7
What is (0 + -17 - (0 + -6)) + 18?
7
Calculate -33 - -24 - (0 + -3 + 0).
-6
-4 + (-12 - (0 + -1 + (-1 - 4)))
-10
Evaluate 13 - -22 - 55 - (1 - (-1 + -4)).
-26
What is 25 + 5 + -51 + 17?
-4
What is -6 - ((12 - 0) + (18 - (3 - -21)))?
-12
Evaluate (-4 - -3) + -1 - (-3 + 1).
0
Calculate -7 - (11 - (6 - 11)).
-23
Evaluate -21 - ((3 - -4) + -12) - -8.
-8
What is 621 - 621 - (-1 - (2 + (3 - 2)))?
4
Calculate 1 + -5 - (-55 + 43 - (1 - 3)).
6
Calculate 11 - (3 + (5 - 10) - 0).
13
What is 2 + 2 + 4 + -2 + 284 + -264?
26
8 + -5 + -7 + 9 - 6
-1
Calculate 1 - (-16 + (-7 - (-4 - 9))).
11
46 + -40 - (8 - 0 - 0)
-2
Calculate 4 - (20 - (8 - -1)).
-7
Evaluate 44 - (-22 - -32) - 14.
20
What is (39 - 32) + -26 - -31?
12
What is 2 + -14 + -11 + (3 - (-20 + 14))?
-14
Evaluate 0 + 1 + -5 + (16 + -18 - -2).
-4
What is -9 + -4 - (-1 - 2 - -10)?
-20
Calculate 0 + 11 + -16 + 13 + -1 + -4.
3
(0 - 2) + (74 - 70)
2
What is -7 + 13 - (21 + -4 + 4)?
-15
0 + (20 - -2 - 2) + (-1445 - -1455)
30
What is -18 - 10 - (-45 + 10)?
7
What is the value of -3 + 3 - (16 + -32)?
16
Evaluate 17 + -43 + 7 - -26.
7
19 + 7 + 9 + -30 + 13
18
What is 54 + -62 - (-2 - 13)?
7
(9 - ((-3 - -24) + 4 + 3)) + 5
-14
2 - (-2 - -1) - 9 - (-29 - -19)
4
1 - (22 + -45 + 10)
14
Evaluate 2 - (45 + -3) - (-5 + 0) - -5.
-30
Calculate 13 - (12 - (5 + (-15 - -14))).
5
What is the value of (-1 - -5 - 6) + 1 + 5?
4
What is the value of 0 - (-2 + 6 + -5) - (1 - 20)?
20
Evaluate -12 - (4 - (-5 + 10)).
-11
Evaluate 17 + -6 - 61 - -32.
-18
What is the value of -3 + 4 + (12 - 6 - 1)?
6
Evaluate -4 + (1 - (-5 + 0) - (-65 - -60)).
7
What is 0 + 2 + -3 + (-34 - (14 + -16))?
-33
Evaluate 272 + -316 + (-2 - -62).
16
What is the value of -14 - (-17 + 4 + -1)?
0
What is the value of 15 + (6 - (4 + (-5 - -4) - -2))?
16
9 + (-3 - -6 - 7) + 4 - 0
9
-9 + 27 + -78 + 28
-32
Evaluate (-19 - -26) + -2 + -17 + 3.
-9
Calculate -52 + 40 - (6 - 1).
-17
What is the value of (0 - -1) + (-13 + 18 - 14) - -3?
-5
Evaluate 42 + 14 + (-9 + -2 - 23).
22
Evaluate 2 - (-2 + (4 - -5 - (-12 + 14))).
-3
Calculate (5 - -36) + 25 + (-15 - 19).
32
Evaluate (8 - -11) + -9 + (-1 - 12).
-3
What is (-12 - ((9 - 15) + 10)) + -2?
-18
What is the value of (11 - 3 - -11) + (-6 - (-3 + -3))?
19
Evaluate -6 + -1 + (28 - (50 - 20)).
-9
(-1 - 5) + (19 - (-6 + -7) - 10)
16
What is 8 + (-29 - (-1 - 16)) - (-8 - -1)?
3
Evaluate (13 + -26 - -13) + -12.
-12
(-14 - (-5 + 0)) + -4 - -5
-8
-43 + (-50 - -85) - (0 + -4)
-4
What is -5 + (-16 - (1 - 5))?
-17
Calculate -42 + 12 + (2 - 0).
-28
What is the value of 15 - (0 - (0 + -14 + 8 - 0))?
9
Calculate (0 - 7) + -24 + 19 + 9 + 2.
-1
Evaluate 2 + -9 - (24 - (-19 - -52)).
2
What is -30 + 2 + -16 + 15 + -3 + 13?
-19
Evaluate 0 + 3 - (-531 - -545).
-11
What is 2 - ((-17 - 0) + 1 + (-27 - -31))?
14
11 + -27 + -9 + 20
-5
Evaluate -19 + 3 + (5 - -14).
3
Evaluate 0 - ((2 - 16) + -47 + 62).
-1
What is the value of 17 - 15 - (1 - (2 - 0)) - 10?
-7
What is the value of 0 + -11 - (-29 - (-12 + 21))?
27
-6 + 24 + -25 + (12 - 0)
5
What is -8 + -2 - (-10 + 6 + -8 + 5)?
-3
Calculate 7 + (4 - 13 - 9).
-11
Calculate 1 + 0 - (-4 - (0 - -8) - -8).
5
Calculate 5 + -2 - (-28 - -12 - -19).
0
Calculate (4 - -9) + -57 + 50.
6
Calculate -27 + (-21 - (-5 - 49)).
6
Evaluate (5 - 2) + 3 + -47 + (26 - 3).
-18
Evaluate 101 + -124 - (-11 - -2).
-14
Calculate 5 + ((-4 - 1) + 0 - -15 - 6).
9
Evaluate -1 - (3 - 1 - (8 - -3 - 4)).
4
What is -15 + 1 - (-29 + 5)?
10
What is the value of 4 + -8 + 10 - 2?
4
What is the value of 19 + (-15 - (14 + -21))?
11
What is -5 + -18 + 37 + -17 + (2 - -1)?
0
Calculate -555 - -544 - (0 + -22).
11
What is the value of (66 - 12) + -21 - 29?
4
Calculate -2 + 0 + (-17 - -11).
-8
Evaluate 3 + 5 + (-4 - -4 - (18 - 6)).
-4
-8 + -7 + (12 - 8) + 2
-9
Calculate 0 + (-7 - -29) - 38.
-16
-42 + 27 + (-5 - -2) + -1
-19
(-2 - -1) + (-16 - -10) + 5
-2
What is the value of 1 - 16 - (-15 - (-21 - -18))?
-3
Evaluate -56 + 60 + 7 + 1.
12
Evaluate -1 - (-7 + -2 + (0 - -5 - -1)).
2
Evaluate (3 - (-4 + 13)) + 4 + 1 + -13.
-14
What is -2 - 18 - ((-2 - 7) + 3 + 6)?
-20
Evaluate 14 - 13 - -5 - 14 - (-2 - 0).
-6
0 + -4 - (-48 + 48)
-4
What is the value of 19 - (7 + -4 + 7)?
9
Evaluate (-25 - -1) + (19 + (-35 - 4) - -14).
-30
(40 - (-15 - -43)) + (-2 - 0 - -11)
21
Calculate (27 - ((-13 - -26) + 5)) + -7 + -1.
1
What is the value of (-15 - -15) + -4 - -14?
10
What is (-7 + (7 - (3 + 0)) - -1) + -16?
-18
What is 13 + -28 + 2 + 3 + -2?
-12
Evaluate 13 + (-16 - (-66 + 32)).
31
Calculate -59 + (-10 - -58) - (4 + -1 - 0).
-14
What is -35 + (16 + 16 - 29)?
-32
2 + -7 - (1 + -6) - 2
-2
Calculate (21 - 3) + 3 + -18.
3
19 + (-8 - -6) - (7 - 1)
11
Calculate (0 - -6) + 5 + -2.
9
Calculate -11 - (-11 - (-25 - -17)).
-8
Evaluate 9 - (47 - (-11 + (-4 - -26) + -6)).
-33
(17 + -15 - -4) + 8
14
What is the value of (-6 - 4 - -16 - 7) + -3?
-4
What is the value of (-8 - (3 + 6 - -5)) + 8?
-14
18 + -37 + (9 - -1)
-9
Calculate (16 - (8 + 19)) + 13.
2
What is the value of 1 + -1 - 14 - (-93 - -98)?
-19
Calculate -9 - (52 - 51) - (0 + -1 + 5).
-14
Calculate -4 + 1 - (6 + -8) - 4.
-5
(1 - (-3 + 6)) + 23 + -49
-28
What is 18 - (-85 + 100 + (0 - -3))?
0
What is the value of 4 - (-101 + 102 + (2 - -10))?
-9
14 + -7 + -5 + 5 + 1 + 7
15
What is the value of (23 - (2 - 8) - (-8 + -1)) + -9?
29
Evaluate 2 + -11 + -49 + 31 + 52.
25
What is -12 - ((17 - -1) + -25)?
-5
Calculate (-5 - -7 - 0 - 1) + -27 + 15.
-11
What is the value of -1 - -10 - (14 - (-2 + 4))?
-3
What is 19 - (-2 + 7) - 24?
-10
Calculate (2 - 37) + 129 + -113.
-19
Calculate 17 - -5 - 14 - 7.
1
-12 + 12 + -7 + -12 + 11
-8
Calculate -17 + 15 - (-11 + 1) - 10.
-2
Evaluate (-6 - -16) + -10 + (-3 - -2 - -7).
6
What is 7 + 3 + (7 - (8 + -3)) + -4?
8
Evaluate 24 - 3 - (6 + -12 - 2 - -6).
23
Evaluate -2 + 2 + 5 + -11 + -7.
-13
What is the value of 15 + 17 + -42 + (-3 + -1 - -22)?
8
Calculate 1 - -30 - (23 - 76 - -65).
19
Calculate 5 + -2 + (-57 - -54 - (-4 - 1)).
5
What is the value of 2 - ((2 - (6 - 11)) + 6)?
-11
(-2 - -13) + 29 + (14 - 52)
2
Calculate -1 + -6 - (6 + -5) - (-5 - -7).
-10
-94 + 93 + -2 + 5 + -4
-2
What is the value of (9 - (15 - 1)) + 11?
6
(-19 - (4 - (7 - 0 - 2))) + 0
-18
What is 0 - (-10 - 1 - (4 + -8 + 8))?
15
What is the value of (20 - (-15 - -70)) + 63?
28
Evaluate -29 + 34 - ((4 - 3) + -4).
8
What is -48 + (4 - -35) - (0 + 0 + 1)?
-10
Evaluate -13 - (-9 + 5) - (14 - 8).
-15
Evaluate 13 + 8 - -12 - 15.
18
(3 - -4 - 1) + 10 + 7 + -21
2
Calculate 13 - (9 + -8 + 7 + 6).
-1
Calculate (507 - 539) + 1 + 13.
-18
2 + -1 - (-264 - -251)
14
Evaluate -3 + -8 - (-10 - (12 + -21)) - -17.
7
What is the value of 2 - 4